{"id":189,"date":"2015-02-22T19:26:10","date_gmt":"2015-02-22T18:26:10","guid":{"rendered":"http:\/\/pp1.kluczbork.pl\/?page_id=189"},"modified":"2020-09-06T20:58:35","modified_gmt":"2020-09-06T18:58:35","slug":"kadra","status":"publish","type":"page","link":"https:\/\/archiwum.pp1.kluczbork.pl\/?page_id=189","title":{"rendered":"Kadra pedagogiczna"},"content":{"rendered":"<p>Kadra pedagogiczna o wysokich kwalifikacjach zawodowych:<\/p>\n<ul>\n<li>studia kierunkowe;<\/li>\n<li>doskonalenie zawodowe, g\u0142\u00f3wnie z zakresu metody Marii Montessori ( Propedeutyczny Kurs Pedagogiki Marii Montessori w zakresie edukacji wieku dzieci\u0119cego w \u0141odzi \u00a0) oraz metody Edyty Gruszczyk -Kolczy\u0144skiej;<\/li>\n<li>Od kilku lat w naszym przedszkolu organizowane s\u0105 warsztaty z zakresu edukacji matematycznej dzieci wed\u0142ug koncepcji prof. Edyty Gruszczyk \u2013 Kolczy\u0144skiej, kt\u00f3re prowadzi pani Ewa Zieli\u0144ska.<\/li>\n<\/ul>\n<p>Nauczycielki naszego przedszkola posiadaj\u0105 kwalifikacje do udzielania pomocy psychologiczno \u2013 pedagogicznej. Ponadto na terenie przedszkola co roku przeprowadzane s\u0105 zaj\u0119cia logopedyczne dla dzieci z niezako\u0144czonym rozwojem mowy (zaj\u0119cia prowadz\u0105 specjali\u015bci z Poradni Psychologiczno- Pedagogicznej).<\/p>\n<p>Profesjonalne przygotowanie zawodowe stanowi podstaw\u0119 do budowania jako\u015bci procesu opieku\u0144czo \u2013 dydaktycznego.<\/p>\n<p>Nauczyciele monitoruj\u0105 indywidualny rozw\u00f3j ka\u017cdego wychowanka poprzez systematyczne obserwacje w celu zapewnienia mu optymalnych warunk\u00f3w dla osi\u0105gni\u0119cia sukces\u00f3w rozwojowych. Przedszkole diagnozuje gotowo\u015b\u0107 szkoln\u0105 dzieci i w zale\u017cno\u015bci od wynik\u00f3w badania prowadzi zaj\u0119cia wspomagaj\u0105ce i koryguj\u0105ce rozw\u00f3j dziecka, a tak\u017ce udziela pomocy psychologiczno-pedagogicznej.<\/p>\n<p>W naszej plac\u00f3wce panuje serdeczna i mi\u0142a, bliska rodzinnej atmosfera, kt\u00f3r\u0105 tworzy personel pedagogiczny i administarcyjno \u2013 obs\u0142ugowy.<\/p>\n<p>&nbsp;<\/p>\n<p><strong>Nauczyciele:<\/strong><\/p>\n<p>Marzena \u015awierczek &#8211; dyrektor przedszkola<br \/>\nMagdalena Kapral<br \/>\nIzabela Koruna-Barcz<br \/>\nBarbara \u0141uszczy\u0144ska<br \/>\nMarzena Stanek<br \/>\nAgnieszka Mroczkowska-K\u0119dziera<br \/>\nDaria Lewandowska-Rucha\u0142a<br \/>\nAgnieszka Filarska<br \/>\nJoanna Kr\u00f3l<br \/>\nBarbara Pasierb<br \/>\n<span style=\"color: #2d2d2d;\"><!--EndFragment--><\/span><\/p>\n<p>&nbsp;<\/p>\n<p>&nbsp;<\/p>\n","protected":false},"excerpt":{"rendered":"<p>Kadra pedagogiczna o wysokich kwalifikacjach zawodowych: studia kierunkowe; doskonalenie zawodowe, g\u0142\u00f3wnie z zakresu metody Marii Montessori ( Propedeutyczny Kurs Pedagogiki Marii Montessori w zakresie edukacji wieku dzieci\u0119cego w \u0141odzi \u00a0) oraz metody Edyty Gruszczyk -Kolczy\u0144skiej; Od kilku lat w naszym przedszkolu organizowane s\u0105 warsztaty z zakresu edukacji matematycznej dzieci wed\u0142ug koncepcji prof. Edyty Gruszczyk \u2013 [&hellip;]<\/p>\n","protected":false},"author":1,"featured_media":0,"parent":2,"menu_order":0,"comment_status":"closed","ping_status":"closed","template":"","meta":[],"_links":{"self":[{"href":"https:\/\/archiwum.pp1.kluczbork.pl\/index.php?rest_route=\/wp\/v2\/pages\/189"}],"collection":[{"href":"https:\/\/archiwum.pp1.kluczbork.pl\/index.php?rest_route=\/wp\/v2\/pages"}],"about":[{"href":"https:\/\/archiwum.pp1.kluczbork.pl\/index.php?rest_route=\/wp\/v2\/types\/page"}],"author":[{"embeddable":true,"href":"https:\/\/archiwum.pp1.kluczbork.pl\/index.php?rest_route=\/wp\/v2\/users\/1"}],"replies":[{"embeddable":true,"href":"https:\/\/archiwum.pp1.kluczbork.pl\/index.php?rest_route=%2Fwp%2Fv2%2Fcomments&post=189"}],"version-history":[{"count":23,"href":"https:\/\/archiwum.pp1.kluczbork.pl\/index.php?rest_route=\/wp\/v2\/pages\/189\/revisions"}],"predecessor-version":[{"id":8212,"href":"https:\/\/archiwum.pp1.kluczbork.pl\/index.php?rest_route=\/wp\/v2\/pages\/189\/revisions\/8212"}],"up":[{"embeddable":true,"href":"https:\/\/archiwum.pp1.kluczbork.pl\/index.php?rest_route=\/wp\/v2\/pages\/2"}],"wp:attachment":[{"href":"https:\/\/archiwum.pp1.kluczbork.pl\/index.php?rest_route=%2Fwp%2Fv2%2Fmedia&parent=189"}],"curies":[{"name":"wp","href":"https:\/\/api.w.org\/{rel}","templated":true}]}}